 Is p a multiple of 9?
True
Suppose 0 = -t + 2*o - 6, 7*o - 3 = -4*t + 6*o. Suppose 4*y - 11 = -4*g + 669, -3*g + y + 502 = t. Is g a multiple of 21?
True
Suppose -z - 19*q + 58498 = -24*q, 5*q + 175584 = 3*z. Is z a multiple of 54?
False
Let o(m) = -m**2 - 2*m + 198. Let j be (-11 - -11)/((-6)/2). Let f be o(j). Suppose -3*n + 4*w + 57 + 141 = 0, 0 = -3*n - 3*w + f. Is n a multiple of 33?
True
Let r be -93 - 2 - 5/((-10)/(-4)). Let v = r - -150. Let x = v - 6. Is 47 a factor of x?
True
Let u(l) = 8*l**2 + 4*l - 35. Let r be u(-12). Let p = r - 754. Is 63 a factor of p?
True
Let u = -60 + 60. Suppose u = k - 2, 5*r = -4*k - 0*k + 18. Suppose r*z = -2*i + 224, -z = -2*i + 93 + 134. Does 15 divide i?
False
Suppose 16*u + 22*u = -31*u + 77280. Is 28 a factor of u?
True
Let s = -1186 + 2126. Is 94 a factor of s?
True
Let p(f) = 9*f + 41. Let g be p(-4). Suppose g*k + 943 = 2*y - 42, -4*y + 1984 = 4*k. Is y a multiple of 15?
True
Let p be ((-4)/7)/((-42)/3381). Suppose p*s - 48*s + 12 = 0. Does 33 divide s/4 - (5 + 1685/(-10))?
True
Let y be (-4 + 49 - -5)/(-2). Suppose -4*x + 3*f = 156, -4*x - 4*f - 110 = 18. Let i = y - x. Is 3 a factor of i?
False
Suppose -8*b + 40*b = 208575 + 113793. Is b a multiple of 63?
False
Let i(y) = -y + 19. Let s be i(0). Let x(o) = 16*o - 52. Is x(s) a multiple of 18?
True
Let t(c) = -c**2 + 53*c - 161. Let y be t(21). Suppose -8*l = -15*l + y. Is 5 a factor of l?
False
Let r = -122 + 222. Suppose -4*q = -20, 0 = 5*y - 2*q - q + r. Let b = 1 - y. Is 9 a factor of b?
True
Suppose -3*p - 4*n - 172 = 0, -p - 37*n + 40*n - 66 = 0. Is (-27 + 1)/(12/p) a multiple of 42?
False
Suppose -14*k + 304468 = 82176. Is k a multiple of 119?
False
Let b = 869 - 103. Suppose -770*c + 2700 = -b*c. Is 25 a factor of c?
True
Suppose 45248*r = 45256*r - 55640. Is r a multiple of 12?
False
Let g(s) = s**3 - 8*s**2 + 6*s + 7. Let d be g(7). Suppose 12 = -t + v, 5*v = -t - d*t - 12. Is -4 - 448/t*3 a multiple of 9?
True
Suppose -i - 4*i - i = 0. Suppose i*w = -4*w + 400. Is ((-6)/(-15))/(4/w) a multiple of 5?
True
Suppose -8905 = -r + 4*i, 158*i - 155*i = 5*r - 44525. Is r a multiple of 72?
False
Let j(x) be the third derivative of 1/120*x**6 + 0*x - x**2 + 17/6*x**3 + 0 + 7/60*x**5 + 7/24*x**4. Does 4 divide j(-6)?
False
Let a(v) = -26*v + 184. Let w be a(7). Suppose 3*b - 375 = -q + b, -w*q + 775 = -b. Is q a multiple of 9?
False
Let s = -18694 - -24409. Is s a multiple of 15?
True
Let o = -435 - -490. Suppose 25307 + 35138 = o*u. Does 38 divide u?
False
Let f(a) = -216*a - 2106. Does 23 divide f(-73)?
True
Let b be -2 + 0 - -1*14376/(-8). Let x = b - -2569. Does 14 divide x?
True
Let p(l) be the third derivative of l**5/5 + l**4/2 + 6*l**3 - 65*l**2. Does 36 divide p(-4)?
True
Let c(l) = 4*l + 24 - 6 - 2*l - 7. Let q be c(-4). Suppose 119 = t - q*n, 5*t - 6*n + 11*n - 695 = 0. Is t a multiple of 10?
False
Let g(m) = m**2 + 13*m + 15. Let s be g(-12). Let h be (9996/(-16))/(-7) - s/(-4). Is (h/(-7))/(21/(-98)) a multiple of 20?
True
Suppose 2*g + 27 + 321 = -5*z, -g + 4*z - 148 = 0. Let t = -66 - g. Does 14 divide t?
True
Let j(k) = 503*k**2 + 312*k + 940. Is j(-3) a multiple of 159?
False
Let r(j) = -j**2 - 4*j**2 + 4*j**2 + 13*j - 7. Suppose 2*w - 2 = h, 0 = 4*h + 41*w - 43*w - 22. Is r(h) a multiple of 16?
False
Let v = -489 + 493. Is 1/v + 2157/12 a multiple of 45?
True
Let p = 1144 - 776. Is 15 a factor of (-4)/46 - (-176672)/p?
True
Suppose -267*v + 532*v = 264*v + 9737. Is v a multiple of 86?
False
Suppose 2*d = 2*z - 386, -2*d = -4*z + 3*d + 772. Suppose -o - 2*v + z + 69 = 0, 5*v = -5*o + 1320. Is o a multiple of 14?
True
Let c(h) = -h - 1. Let d be c(-4). Let t(i) = -i**3 + 6*i**2 + 25*i + 1. Let w be t(-3). Suppose b + w*v - 38 = d*v, -3*b = -3*v - 84. Is b a multiple of 6?
True
Let u be (-45)/20*(-16)/12. Suppose 0*k + u*k - 9 = 0. Suppose k*m = -6, 5*m - 150 = -3*f - 2*f. Is 8 a factor of f?
True
Suppose -128142 = 545*j - 554*j. Is 63 a factor of j?
True
Let t be 49 - (12/3 - 8). Suppose 0 = -5*y - 12 - t. Let z = 48 + y. Does 7 divide z?
True
Suppose 85*o - 81*o + 9908 = 2*w, w + 4*o = 4996. Does 167 divide w?
False
Let j be (-6)/(110/25 + -4). Let v = j - -17. Suppose v*g + 825 = 5*s - 375, 1200 = 5*s - 5*g. Is s a multiple of 39?
False
Let t(g) = -12*g + 4*g - 19 + g**2 + 6*g + 4*g. Let z be t(-8). Suppose -c + 10 = -4*v - z, -4*c + v = -141. Is c a multiple of 5?
True
Suppose -i - 3*v = -323, 3*v = 6*i - 10*i + 1301. Let l = -30 + i. Does 8 divide l?
True
Suppose 18*s - 21*s - 3*i + 9 = 0, -3*s = -2*i + 6. Suppose 15*w - 10641 - 1599 = s. Does 24 divide w?
True
Suppose 4*z = j - 1356, 36*z = 3*j + 35*z - 4079. Let p = j - 783. Does 27 divide p?
False
Suppose -197 - 208 = -3*s. Suppose -5*p = 85 + s. Let h = -19 - p. Is h a multiple of 6?
False
Suppose 3*i + 0 + 0 = 0. Suppose -6*o + 48 = -i*o. Suppose 2*s + o = 598. Is s a multiple of 39?
False
Let b(q) = -2*q**2 - 5*q**2 + 3*q - 17*q + 9*q. Let d(a) = 8*a**2 + 5*a. Let s(h) = -4*b(h) - 3*d(h). Is 39 a factor of s(5)?
False
Suppose -3*m = -5*n - 3823, -2*m + 2536 = 47*n - 44*n. Is m a multiple of 41?
True
Let z be 140/30*(-6)/4. Let x(y) = y**3 + 6*y**2 - 8*y - 3. Let g be x(z). Suppose g*t + 30 = b, 0 = -3*t - t - 8. Is b a multiple of 16?
False
Let g(r) = -5*r - 17. Let x be g(-4). Suppose -x*p = -10*p + 49. Suppose 8*u = p*u + 38. Is u a multiple of 19?
True
Let f = -16393 + 21204. Is f a multiple of 285?
False
Suppose -2*a = -3*s - 7051, -3*a = -4*s - 8360 - 2219. Does 15 divide a?
False
Let q = -411 - 73. Let u = q - -888. Suppose -3*o - 2*m + 392 = 0, -3*o + 3*m + u = -m. Is 33 a factor of o?
True
Suppose 0 = -50*g + 45*g + 23375. Suppose 24*n = 13*n + g. Is 17 a factor of n?
True
Let f = -206 + 211. Suppose f*n = -1055 + 2960. Is n a multiple of 18?
False
Suppose 4*i + 2*o - o = 0, 0 = i + 4*o. Let r(x) = -528*x**2 - 514*x**2 - x + 1041*x**2 + 153 - 7 - 6. Is r(i) a multiple of 35?
True
Suppose 65*i - 71*i = -48. Suppose i*t = -18*t + 17550. Does 45 divide t?
True
Let g(x) = -45*x - 33. Let r be g(-4). Suppose 9*l = -2*y + 10*l + r, -5*y + 3*l + 369 = 0. Is y a multiple of 24?
True
Let u(x) = -x**2 + 54*x - 19. Let w be u(16). Suppose -6*y = -w - 1619. Is 16 a factor of y?
True
Is 107 a factor of 4/(-34) + (1 - 2028224/(-187))?
False
Suppose 0 = -4*l - 4*l. Suppose -4*n + 4*q + 768 = l, 5*q + 227 + 347 = 3*n. Suppose 5*w + 68 - n = 0. Does 10 divide w?
False
Let z be (-2)/2*-27 - -1. Let g = z - -24. Is (5/2)/(1/g) a multiple of 13?
True
Let s be 12738/(-88)*-1*4. Suppose -c + 6*y - 5*y = -s, -1158 = -2*c - y. Is 36 a factor of c?
False
Suppose 14*g = 17*g - 12. Suppose -b - g*s + 0*s = 16, 4 = -4*b - s. Suppose 12*r - 8*r - 248 = b. Is 35 a factor of r?
False
Suppose -r + 10 = -3*g + 72, -r = -4*g + 82. Suppose j + o + 2 = -3, j + 4*o = -g. Suppose j*u + 3*u = 162. Does 9 divide u?
True
Suppose 0 = 37*s - 27*s - 12550. Let o = s + -825. Does 10 divide o?
True
Suppose 5*q + 3*f - 23394 = 0, 2*q = 5*f + 2243 + 7127. Is q a multiple of 60?
True
Suppose -96*d + 616376 = -1113040 + 69576. Is 190 a factor of d?
True
Let a = -217 + 223. Let w(c) = c**2 - 5*c + 4. Let f be w(4). Suppose f = p + a - 23. Is 11 a factor of p?
False
Let h = -315 - -318. Is 11 a factor of ((-852)/5)/h*165/(-22)?
False
Let o(m) = 9*m**2 + m + 1. Let c be o(-1). Let z = c - 6. Suppose h - 91 + z = 0. Is h a multiple of 22?
True
Let k(d) = -3*d**3 + d**2 + 4*d + 2. Let r be k(2). Let i be -1 - (-2 + -1) - 45. Let n = r - i. Is 5 a factor of n?
False
Suppose 239*o + 36107 = 244*o - 141973. Is o a multiple of 20?
False
Is ((-4)/(-16) - 11/(-20))*2295/2 even?
True
Let f be (-4 - -9) + -5 - (1 + -3). Suppose -4*n - f*a = -0*a + 324, n = 5*a - 59. Let w = n - -226. Is w a multiple of 21?
True
Suppose 0 = 5*k - 10 - 50. Suppose 2*n = -4*o + 160 + 112, 0 = 3*n + k. Let t = o - 56. Is 7 a factor of t?
True
Let a be (-74 + 1 + -2)*(5 - 0). Is ((-667)/115)/(3/a) a multiple of 23?
False
Let d = -429 - -4214. Is d a multiple of 6?
False
Suppose -4*k + k = 5*s + 8, -5*s + 3*k - 32 = 0. Let j be (7 - 1) + s + 1. Suppose -6 = -j*p, -p + 26 = -5*f + 74. Is f a multiple of 4?
False
Suppose -33908 = 34*q - 293090. Is q a multiple of 21?
True
Suppose -2*l + 1169 + 904 = -r, 3*l = -2*r + 3113. Is 25 a factor of l